{"id":2176,"date":"2024-02-01T13:22:06","date_gmt":"2024-02-01T12:22:06","guid":{"rendered":"https:\/\/www.univ.edu.dj\/ace1\/?page_id=2176"},"modified":"2024-03-28T11:09:30","modified_gmt":"2024-03-28T10:09:30","slug":"jalon-7-celt-2","status":"publish","type":"page","link":"https:\/\/www.univ.edu.dj\/ace1\/?page_id=2176","title":{"rendered":"Jalon 7 CELT"},"content":{"rendered":"\n<p><a rel=\"noreferrer noopener\" href=\"https:\/\/www.univ.edu.dj\/ace1\/wp-content\/uploads\/2024\/02\/PV-de-reception-des-equipements-et-des-materiels-dILAB-et-Smartlab-videoconferences_compressed.pdf\" target=\"_blank\">PV de r\u00e9ception des \u00e9quipements et des mat\u00e9riels d&rsquo;ILAB et Smartlab, vid\u00e9oconf\u00e9rences<\/a><\/p>\n\n\n\n<p><a rel=\"noreferrer noopener\" href=\"https:\/\/www.univ.edu.dj\/ace1\/wp-content\/uploads\/2024\/02\/Document-sans-titre_compressed.pdf\" target=\"_blank\">Photos smartClass<\/a><\/p>\n\n\n\n<p><a rel=\"noreferrer noopener\" href=\"https:\/\/www.univ.edu.dj\/ace1\/wp-content\/uploads\/2024\/03\/Document-sans-titre_compressed.pdf\" target=\"_blank\">Photos iLab<\/a><\/p>\n\n\n\n<p><a rel=\"noreferrer noopener\" href=\"https:\/\/www.univ.edu.dj\/ace1\/wp-content\/uploads\/2024\/03\/kit-visio_compressed.pdf\" target=\"_blank\">Photo Kit Visioconf\u00e9rence<\/a><\/p>\n\n\n\n<p><a href=\"https:\/\/www.univ.edu.dj\/ace1\/wp-content\/uploads\/2024\/03\/Photos-des-equipements-smartlabilab-installes_avec-etiquettes_compressed.pdf\" target=\"_blank\" rel=\"noreferrer noopener\">Photos des \u00e9quipements (smartlab+ilab) install\u00e9s avec \u00e9tiquettes<\/a><\/p>\n","protected":false},"excerpt":{"rendered":"<p>PV de r\u00e9ception des \u00e9quipements et des mat\u00e9riels d&rsquo;ILAB et Smartlab, vid\u00e9oconf\u00e9rences Photos smartClass Photos iLab Photo Kit Visioconf\u00e9rence Photos des \u00e9quipements (smartlab+ilab) install\u00e9s avec \u00e9tiquettes<\/p>\n","protected":false},"author":1,"featured_media":0,"parent":0,"menu_order":0,"comment_status":"closed","ping_status":"closed","template":"","meta":[],"_links":{"self":[{"href":"https:\/\/www.univ.edu.dj\/ace1\/index.php?rest_route=\/wp\/v2\/pages\/2176"}],"collection":[{"href":"https:\/\/www.univ.edu.dj\/ace1\/index.php?rest_route=\/wp\/v2\/pages"}],"about":[{"href":"https:\/\/www.univ.edu.dj\/ace1\/index.php?rest_route=\/wp\/v2\/types\/page"}],"author":[{"embeddable":true,"href":"https:\/\/www.univ.edu.dj\/ace1\/index.php?rest_route=\/wp\/v2\/users\/1"}],"replies":[{"embeddable":true,"href":"https:\/\/www.univ.edu.dj\/ace1\/index.php?rest_route=%2Fwp%2Fv2%2Fcomments&post=2176"}],"version-history":[{"count":6,"href":"https:\/\/www.univ.edu.dj\/ace1\/index.php?rest_route=\/wp\/v2\/pages\/2176\/revisions"}],"predecessor-version":[{"id":2249,"href":"https:\/\/www.univ.edu.dj\/ace1\/index.php?rest_route=\/wp\/v2\/pages\/2176\/revisions\/2249"}],"wp:attachment":[{"href":"https:\/\/www.univ.edu.dj\/ace1\/index.php?rest_route=%2Fwp%2Fv2%2Fmedia&parent=2176"}],"curies":[{"name":"wp","href":"https:\/\/api.w.org\/{rel}","templated":true}]}}