{"id":2376,"date":"2024-11-20T13:00:39","date_gmt":"2024-11-20T12:00:39","guid":{"rendered":"https:\/\/www.univ.edu.dj\/ace1\/?page_id=2376"},"modified":"2024-11-22T19:38:52","modified_gmt":"2024-11-22T18:38:52","slug":"jalon-5-coe","status":"publish","type":"page","link":"https:\/\/www.univ.edu.dj\/ace1\/?page_id=2376","title":{"rendered":"Jalon 5 CoE"},"content":{"rendered":"\n<ul><li><a rel=\"noreferrer noopener\" href=\"https:\/\/www.univ.edu.dj\/ace1\/wp-content\/uploads\/2024\/11\/PV-CNMP-ouvrages-de-la-biblioteque-CoE_compressed.pdf\" target=\"_blank\">PV CNMP ouvrages de la biblioth\u00e8que CoE<\/a><\/li><li><a rel=\"noreferrer noopener\" href=\"https:\/\/www.univ.edu.dj\/ace1\/wp-content\/uploads\/2024\/11\/rapport-danalyse-des-offres-des-equipements-Fablab_compressed.pdf\" target=\"_blank\">Rapport d&rsquo;analyse des offres des \u00e9quipements Fablab<\/a><\/li><li><a rel=\"noreferrer noopener\" href=\"https:\/\/www.univ.edu.dj\/ace1\/wp-content\/uploads\/2024\/11\/contrat-equipements-Fablab_CoE_compressed.pdf\" target=\"_blank\">Contrat \u00e9quipements Fablab_CoE<\/a><\/li><li><a rel=\"noreferrer noopener\" href=\"https:\/\/www.univ.edu.dj\/ace1\/wp-content\/uploads\/2024\/11\/rapport-d-analyse-des-offres-pour-les-ouvrages-de-la-bibliotheque.pdf\" target=\"_blank\">Rapport d&rsquo;analyse des offres pour les ouvrages de la biblioth\u00e8que<\/a><\/li><li><a rel=\"noreferrer noopener\" href=\"https:\/\/www.univ.edu.dj\/ace1\/wp-content\/uploads\/2024\/11\/PV-CNMP-equipements-de-Fablab.pdf\" target=\"_blank\">PV CNMP \u00e9quipements de Fablab<\/a><\/li><li><a rel=\"noreferrer noopener\" href=\"https:\/\/www.univ.edu.dj\/ace1\/wp-content\/uploads\/2024\/11\/DAO-equipements-Fablab-_compressed.pdf\" target=\"_blank\">DAO &#8211; \u00e9quipements Fablab<\/a><\/li><li><a rel=\"noreferrer noopener\" href=\"https:\/\/www.univ.edu.dj\/ace1\/wp-content\/uploads\/2024\/11\/DAO-ouvrages-de-la-blibliotheque.pdf\" target=\"_blank\">DAO &#8211; ouvrages de la biblioth\u00e8que<\/a><\/li><li><a rel=\"noreferrer noopener\" href=\"https:\/\/www.univ.edu.dj\/ace1\/wp-content\/uploads\/2024\/11\/Auto-certification-sur-les-reglementations-institutionnelles-de-passation-des-marches-1.pdf\" target=\"_blank\">Auto-certification sur les r\u00e9glementations institutionnelles de passation des march\u00e9s<\/a><\/li><li>Contrat ouvrages CoE<ul><li><a href=\"https:\/\/www.univ.edu.dj\/ace1\/wp-content\/uploads\/2024\/11\/cont-ouvrage-p1.pdf\" target=\"_blank\" rel=\"noreferrer noopener\">Partie 1<\/a><\/li><li><a href=\"https:\/\/www.univ.edu.dj\/ace1\/wp-content\/uploads\/2024\/11\/cont-ouvrage-p2.pdf\" target=\"_blank\" rel=\"noreferrer noopener\">Partie 2<\/a><\/li><li><a href=\"https:\/\/www.univ.edu.dj\/ace1\/wp-content\/uploads\/2024\/11\/cont-ouvrage-p3.pdf\" target=\"_blank\" rel=\"noreferrer noopener\">Partie 3<\/a><\/li><li><a href=\"https:\/\/www.univ.edu.dj\/ace1\/wp-content\/uploads\/2024\/11\/cont-ouvrage-p4.pdf\" target=\"_blank\" rel=\"noreferrer noopener\">Partie 4<\/a><\/li><li><a href=\"https:\/\/www.univ.edu.dj\/ace1\/wp-content\/uploads\/2024\/11\/cont-ouvrage-p5.pdf\" target=\"_blank\" rel=\"noreferrer noopener\">Partie 5<\/a><\/li><\/ul><\/li><\/ul>\n","protected":false},"excerpt":{"rendered":"<p>PV CNMP ouvrages de la biblioth\u00e8que CoE Rapport d&rsquo;analyse des offres des \u00e9quipements Fablab Contrat \u00e9quipements Fablab_CoE Rapport d&rsquo;analyse des offres pour les ouvrages de la biblioth\u00e8que PV CNMP \u00e9quipements de Fablab DAO &#8211; \u00e9quipements Fablab DAO &#8211; ouvrages de la biblioth\u00e8que Auto-certification sur les r\u00e9glementations institutionnelles de passation des&hellip;<\/p>\n","protected":false},"author":1,"featured_media":0,"parent":0,"menu_order":0,"comment_status":"closed","ping_status":"closed","template":"","meta":[],"_links":{"self":[{"href":"https:\/\/www.univ.edu.dj\/ace1\/index.php?rest_route=\/wp\/v2\/pages\/2376"}],"collection":[{"href":"https:\/\/www.univ.edu.dj\/ace1\/index.php?rest_route=\/wp\/v2\/pages"}],"about":[{"href":"https:\/\/www.univ.edu.dj\/ace1\/index.php?rest_route=\/wp\/v2\/types\/page"}],"author":[{"embeddable":true,"href":"https:\/\/www.univ.edu.dj\/ace1\/index.php?rest_route=\/wp\/v2\/users\/1"}],"replies":[{"embeddable":true,"href":"https:\/\/www.univ.edu.dj\/ace1\/index.php?rest_route=%2Fwp%2Fv2%2Fcomments&post=2376"}],"version-history":[{"count":3,"href":"https:\/\/www.univ.edu.dj\/ace1\/index.php?rest_route=\/wp\/v2\/pages\/2376\/revisions"}],"predecessor-version":[{"id":2401,"href":"https:\/\/www.univ.edu.dj\/ace1\/index.php?rest_route=\/wp\/v2\/pages\/2376\/revisions\/2401"}],"wp:attachment":[{"href":"https:\/\/www.univ.edu.dj\/ace1\/index.php?rest_route=%2Fwp%2Fv2%2Fmedia&parent=2376"}],"curies":[{"name":"wp","href":"https:\/\/api.w.org\/{rel}","templated":true}]}}