{"id":2544,"date":"2025-06-23T10:49:04","date_gmt":"2025-06-23T08:49:04","guid":{"rendered":"https:\/\/www.univ.edu.dj\/ace1\/?page_id=2544"},"modified":"2025-06-23T17:51:51","modified_gmt":"2025-06-23T15:51:51","slug":"jalon-7-coe","status":"publish","type":"page","link":"https:\/\/www.univ.edu.dj\/ace1\/?page_id=2544","title":{"rendered":"Jalons 7, 8 et 9 CoE"},"content":{"rendered":"\n<ul><li><a rel=\"noreferrer noopener\" href=\"https:\/\/www.univ.edu.dj\/ace1\/wp-content\/uploads\/2025\/06\/autocertification-de-conformite-PM_jalons-7-89_CoE.pdf\" target=\"_blank\">Copie de l&rsquo;auto-certification relative aux r\u00e8gles institutionnelles de passation des march\u00e9s\u00a0<\/a><\/li><li>Documents prouvant que le mat\u00e9riel, l&rsquo;\u00e9quipement, les consommables et les livres de\u00a0biblioth\u00e8que du FabLab ont \u00e9t\u00e9 achet\u00e9s et exp\u00e9di\u00e9s (Copie du connaissement (B\/L) pour le transport maritime, Lettre de transport a\u00e9rien pour le transport a\u00e9rien, Listes de colisage sign\u00e9es par le fournisseur)<ul><li><a rel=\"noreferrer noopener\" href=\"https:\/\/www.univ.edu.dj\/ace1\/wp-content\/uploads\/2025\/06\/Packing-liste-des-equipements-par-voie-maritime_compressed.pdf\" target=\"_blank\">Document 1<\/a><\/li><li><a rel=\"noreferrer noopener\" href=\"https:\/\/www.univ.edu.dj\/ace1\/wp-content\/uploads\/2025\/06\/packing-list_air-cargo-2_compressed.pdf\" target=\"_blank\">Document 2<\/a><\/li><li><a rel=\"noreferrer noopener\" href=\"https:\/\/www.univ.edu.dj\/ace1\/wp-content\/uploads\/2025\/06\/packing-list-des-equipements-par-voie-aerien_compressed.pdf\" target=\"_blank\">Document 3<\/a><\/li><li><a rel=\"noreferrer noopener\" href=\"https:\/\/www.univ.edu.dj\/ace1\/wp-content\/uploads\/2025\/06\/master-B-L-7708.pdf\" target=\"_blank\">Document 4<\/a><\/li><li><a rel=\"noreferrer noopener\" href=\"https:\/\/www.univ.edu.dj\/ace1\/wp-content\/uploads\/2025\/06\/master-B-L-7118.pdf\" target=\"_blank\">Document 5<\/a><\/li><li><a rel=\"noreferrer noopener\" href=\"https:\/\/www.univ.edu.dj\/ace1\/wp-content\/uploads\/2025\/06\/LTA-AIR-CARGO-1.pdf\" target=\"_blank\">Document 6<\/a><\/li><li><a href=\"https:\/\/www.univ.edu.dj\/ace1\/wp-content\/uploads\/2025\/06\/LTA-AIR-CARGO_2.pdf\" target=\"_blank\" rel=\"noreferrer noopener\">Document 7<\/a><\/li><\/ul><\/li><li><a rel=\"noreferrer noopener\" href=\"https:\/\/www.univ.edu.dj\/ace1\/wp-content\/uploads\/2025\/06\/Lettre-dengagement_comite-de-pilotage_chef-de-centre.pdf\" target=\"_blank\">Copie de la lettre d&rsquo;engagement d&rsquo;installation de l&rsquo;\u00e9quipement sign\u00e9e par le membre du comit\u00e9 de pilotage et le chef de centre\u00a0<\/a><\/li><li><a rel=\"noreferrer noopener\" href=\"https:\/\/www.univ.edu.dj\/ace1\/wp-content\/uploads\/2025\/06\/Plan-2D-du-LRPE_UD_merged.pdf\" target=\"_blank\">Plan d&rsquo;installation des \u00e9quipements (FabLab, LaRESE, LRPE)<\/a><\/li><li><a rel=\"noreferrer noopener\" href=\"https:\/\/www.univ.edu.dj\/ace1\/wp-content\/uploads\/2025\/06\/Plan-2D-de-la-FS_UD.pdf\" target=\"_blank\">Plan d&rsquo;installation \u00e9quipements p\u00e9dagogiques,<\/a><\/li><li><a rel=\"noreferrer noopener\" href=\"https:\/\/www.univ.edu.dj\/ace1\/wp-content\/uploads\/2025\/06\/Photos-equipements.pdf\" target=\"_blank\">Photos des \u00e9quipements re\u00e7us<\/a> Jalon 7<\/li><li><a rel=\"noreferrer noopener\" href=\"https:\/\/www.univ.edu.dj\/ace1\/wp-content\/uploads\/2025\/06\/Photos-equipements-2.pdf\" target=\"_blank\">Photos des \u00e9quipements re\u00e7us<\/a> Jalon 8<\/li><li><a rel=\"noreferrer noopener\" href=\"https:\/\/www.univ.edu.dj\/ace1\/wp-content\/uploads\/2025\/06\/Photos-equipements-3.pdf\" target=\"_blank\">Photos des \u00e9quipements re\u00e7us<\/a> Jalon 9<\/li><\/ul>\n","protected":false},"excerpt":{"rendered":"<p>Copie de l&rsquo;auto-certification relative aux r\u00e8gles institutionnelles de passation des march\u00e9s\u00a0 Documents prouvant que le mat\u00e9riel, l&rsquo;\u00e9quipement, les consommables et les livres de\u00a0biblioth\u00e8que du FabLab ont \u00e9t\u00e9 achet\u00e9s et exp\u00e9di\u00e9s (Copie du connaissement (B\/L) pour le transport maritime, Lettre de transport a\u00e9rien pour le transport a\u00e9rien, Listes de colisage sign\u00e9es&hellip;<\/p>\n","protected":false},"author":1,"featured_media":0,"parent":0,"menu_order":0,"comment_status":"closed","ping_status":"closed","template":"","meta":[],"_links":{"self":[{"href":"https:\/\/www.univ.edu.dj\/ace1\/index.php?rest_route=\/wp\/v2\/pages\/2544"}],"collection":[{"href":"https:\/\/www.univ.edu.dj\/ace1\/index.php?rest_route=\/wp\/v2\/pages"}],"about":[{"href":"https:\/\/www.univ.edu.dj\/ace1\/index.php?rest_route=\/wp\/v2\/types\/page"}],"author":[{"embeddable":true,"href":"https:\/\/www.univ.edu.dj\/ace1\/index.php?rest_route=\/wp\/v2\/users\/1"}],"replies":[{"embeddable":true,"href":"https:\/\/www.univ.edu.dj\/ace1\/index.php?rest_route=%2Fwp%2Fv2%2Fcomments&post=2544"}],"version-history":[{"count":9,"href":"https:\/\/www.univ.edu.dj\/ace1\/index.php?rest_route=\/wp\/v2\/pages\/2544\/revisions"}],"predecessor-version":[{"id":2580,"href":"https:\/\/www.univ.edu.dj\/ace1\/index.php?rest_route=\/wp\/v2\/pages\/2544\/revisions\/2580"}],"wp:attachment":[{"href":"https:\/\/www.univ.edu.dj\/ace1\/index.php?rest_route=%2Fwp%2Fv2%2Fmedia&parent=2544"}],"curies":[{"name":"wp","href":"https:\/\/api.w.org\/{rel}","templated":true}]}}